is the hundred thousands digit of 347236?
3
What is the thousands digit of 8739577?
9
What is the ten thousands digit of 300399?
0
What is the tens digit of 148073?
7
What is the thousands digit of 55971?
5
What is the ten thousands digit of 1249186?
4
What is the ten thousands digit of 218633?
1
What is the hundred thousands digit of 12045134?
0
What is the tens digit of 10377?
7
What is the hundreds digit of 424903?
9
What is the thousands digit of 1964438?
4
What is the tens digit of 1530573?
7
What is the tens digit of 339669?
6
What is the ten millions digit of 17598180?
1
What is the units digit of 859865?
5
What is the tens digit of 185742?
4
What is the thousands digit of 7412?
7
What is the tens digit of 2125036?
3
What is the thousands digit of 1197168?
7
What is the units digit of 952497?
7
What is the units digit of 1033720?
0
What is the hundred thousands digit of 1610877?
6
What is the hundred thousands digit of 2970770?
9
What is the thousands digit of 1181502?
1
What is the hundred thousands digit of 2115853?
1
What is the thousands digit of 27447483?
7
What is the ten thousands digit of 161116?
6
What is the hundreds digit of 324114?
1
What is the tens digit of 557066?
6
What is the units digit of 8992096?
6
What is the units digit of 7794729?
9
What is the thousands digit of 57470?
7
What is the thousands digit of 210269?
0
What is the millions digit of 2482857?
2
What is the ten thousands digit of 33427?
3
What is the tens digit of 207934?
3
What is the thousands digit of 2029672?
9
What is the units digit of 226929?
9
What is the thousands digit of 2010007?
0
What is the tens digit of 42914?
1
What is the tens digit of 340829?
2
What is the hundreds digit of 239563?
5
What is the ten thousands digit of 13260454?
6
What is the hundred thousands digit of 3907391?
9
What is the tens digit of 3036659?
5
What is the thousands digit of 5145009?
5
What is the units digit of 3207754?
4
What is the ten thousands digit of 6399642?
9
What is the hundreds digit of 11070912?
9
What is the hundreds digit of 472044?
0
What is the units digit of 316265?
5
What is the tens digit of 1015533?
3
What is the ten thousands digit of 115670?
1
What is the ten thousands digit of 6378152?
7
What is the millions digit of 15279707?
5
What is the ten thousands digit of 58686?
5
What is the ten millions digit of 37426992?
3
What is the units digit of 2312818?
8
What is the units digit of 95435?
5
What is the tens digit of 99952?
5
What is the thousands digit of 484672?
4
What is the hundred thousands digit of 148398?
1
What is the thousands digit of 6465689?
5
What is the tens digit of 523920?
2
What is the millions digit of 4925861?
4
What is the tens digit of 263417?
1
What is the ten thousands digit of 244546?
4
What is the hundred thousands digit of 533515?
5
What is the hundred thousands digit of 231213?
2
What is the units digit of 152392?
2
What is the ten thousands digit of 96423?
9
What is the hundred thousands digit of 916197?
9
What is the units digit of 613547?
7
What is the hundred thousands digit of 1002529?
0
What is the units digit of 247297?
7
What is the ten thousands digit of 5250913?
5
What is the ten millions digit of 19084993?
1
What is the thousands digit of 219650?
9
What is the units digit of 1045261?
1
What is the thousands digit of 1437785?
7
What is the units digit of 1357664?
4
What is the hundred thousands digit of 108252?
1
What is the thousands digit of 2699368?
9
What is the thousands digit of 1150364?
0
What is the tens digit of 646127?
2
What is the hundreds digit of 1047194?
1
What is the ten millions digit of 35579816?
3
What is the units digit of 2405?
5
What is the hundreds digit of 590533?
5
What is the ten thousands digit of 17338291?
3
What is the units digit of 168331?
1
What is the thousands digit of 147743?
7
What is the hundreds digit of 9559750?
7
What is the thousands digit of 834982?
4
What is the tens digit of 15899152?
5
What is the ten millions digit of 38311086?
3
What is the hundreds digit of 800836?
8
What is the thousands digit of 1060434?
0
What is the units digit of 3810804?
4
What is the ten thousands digit of 160272?
6
What is the hundred thousands digit of 15026986?
0
What is the ten thousands digit of 1051136?
5
What is the hundreds digit of 9824044?
0
What is the tens digit of 313993?
9
What is the hundreds digit of 34723?
7
What is the units digit of 546279?
9
What is the tens digit of 13652725?
2
What is the tens digit of 262001?
0
What is the millions digit of 36214801?
6
What is the hundred thousands digit of 980143?
9
What is the thousands digit of 1620379?
0
What is the hundred thousands digit of 554061?
5
What is the ten thousands digit of 5264141?
6
What is the millions digit of 1171606?
1
What is the hundreds digit of 57328?
3
What is the tens digit of 5732347?
4
What is the ten thousands digit of 381595?
8
What is the tens digit of 261379?
7
What is the units digit of 1333999?
9
What is the units digit of 72696?
6
What is the tens digit of 1862328?
2
What is the ten thousands digit of 965160?
6
What is the ten thousands digit of 1921900?
2
What is the hundred thousands digit of 4494242?
4
What is the hundred thousands digit of 6482825?
4
What is the hundreds digit of 84471?
4
What is the thousands digit of 410999?
0
What is the ten thousands digit of 201755?
0
What is the units digit of 445690?
0
What is the ten thousands digit of 962641?
6
What is the units digit of 4824959?
9
What is the tens digit of 390310?
1
What is the millions digit of 10775953?
0
What is the hundreds digit of 278446?
4
What is the thousands digit of 1114722?
4
What is the hundred thousands digit of 578808?
5
What is the tens digit of 20132?
3
What is the millions digit of 2332892?
2
What is the hundred thousands digit of 1558899?
5
What is the thousands digit of 381053?
1
What is the ten thousands digit of 462641?
6
What is the units digit of 18077712?
2
What is the ten thousands digit of 2720624?
2
What is the units digit of 2085667?
7
What is the units digit of 1723044?
4
What is the hundred thousands digit of 196318?
1
What is the units digit of 490416?
6
What is the units digit of 2193912?
2
What is the hundred thousands digit of 540798?
5
What is the tens digit of 23034732?
3
What is the hundred thousands digit of 3808762?
8
What is the hundred thousands digit of 844354?
8
What is the thousands digit of 4662973?
2
What is the thousands digit of 195830?
5
What is the thousands digit of 82567?
2
What is the thousands digit of 154512?
4
What is the millions digit of 1272374?
1
What is the units digit of 1025971?
1
What is the millions digit of 1104821?
1
What is the ten thousands digit of 1919042?
1
What is the millions digit of 1446715?
1
What is the thousands digit of 229143?
9
What is the tens digit of 8943543?
4
What is the ten thousands digit of 305026?
0
What is the units digit of 8585967?
7
What is the units digit of 892268?
8
What is the tens digit of 36432?
3
What is the tens digit of 139804?
0
What is the units digit of 422518?
8
What is the ten thousands digit of 6682519?
8
What is the ten thousands digit of 268257?
6
What is the tens digit of 185082?
8
What is the hundreds digit of 19425666?
6
What is the hundreds digit of 7714?
7
What is the ten thousands digit of 401312?
0
What is the hundred thousands digit of 3602585?
6
What is the tens digit of 1074803?
0
What is the tens digit of 6622379?
7
What is the hundred thousands digit of 367237?
3
What is the ten millions digit of 12143542?
1
What is the thousands digit of 403929?
3
What is the ten thousands digit of 36750623?
5
What is the hundreds digit of 111667?
6
What is the tens digit of 5325745?
4
What is the units digit of 3457704?
4
What is the hundred thousands digit of 485780?
4
What is the units digit of 3083160?
0
What is the tens digit of 788114?
1
What is the hundred thousands digit of 11012681?
0
What is the thousands digit of 627942?
7
What is the tens digit of 99178?
7
What is the tens digit of 132040?
4
What is the tens digit of 1380357?
5
What is the ten thousands digit of 256746?
5
What is the ten thousands digit of 100108?
0
What is the thousands digit of 1741512?
1
What is the units digit of 59107?
7
What is the hundre